l, 5*j + l - 3461 = 0. What is the hundreds digit of j?
6
Let k(m) = -66 + 69 + 3*m**2 + 5*m**2 - 51*m. Let d(a) = 3*a**2 - 17*a + 1. Let r(i) = -11*d(i) + 4*k(i). What is the units digit of r(-8)?
3
Let c(g) be the third derivative of g**5/12 + 7*g**4/12 + 13*g**3/6 + g**2 - 9. What is the hundreds digit of c(-8)?
2
Let n(q) = -200*q + 45. Let s be n(16). Let i be ((-6)/(-9))/(5 - s/(-630)). Let l = 324 + i. What is the units digit of l?
0
Let y = -749 + 10106. What is the tens digit of y?
5
Suppose k - 2*j = 0, -2*j = -5*k + 8 + 8. Suppose 4*d - 3*q - 342 = 0, k*d - 257 = -4*q + 99. Let g = -55 + d. What is the tens digit of g?
3
Let y(t) = t**3 - 17*t**2 + 5*t - 65. Let k be y(17). Let w be (2 + 13)*(-4)/(-1). Suppose k*i + w = 24*i. What is the tens digit of i?
1
Let b be 18 - (-5 + 2 + 2/1). Suppose 0 = b*h - 7*h - 13488. What is the hundreds digit of h?
1
Let j = -15433 - -19938. What is the thousands digit of j?
4
Let l be 41000/160 - (-3)/4. Suppose 2*y - a = 587, -a - 1140 + l = -3*y. What is the tens digit of y?
9
Suppose 0*f + 158370 = 6*f + 9*f. What is the units digit of f?
8
Let j(n) = -2*n**3 + 51*n**2 - 27*n + 52. Let q be j(25). Let u = 20 + -9. Suppose 0 = -q*d - u*d + 1794. What is the tens digit of d?
3
Let w = 5070 - 2126. What is the hundreds digit of w?
9
Let h be (-1 - -4) + 4/((-44)/(-1221)). Let c = 330 + h. What is the hundreds digit of c?
4
Let c(t) = -4*t + 100. Let g = -218 - -200. What is the hundreds digit of c(g)?
1
Let a(v) = 2*v**2 + 48*v + 119. Let b be a(-25). Let n be (-2 - 0/2) + 5. Suppose n*g = b + 83. What is the tens digit of g?
8
Let r(j) = 8492*j**2 + 9*j + 42. What is the ten thousands digit of r(-3)?
7
What is the tens digit of 2*(-522)/(-48)*(1390 - 6)?
0
Let y(w) be the first derivative of w**3/3 - 8*w**2 + 88*w - 53. What is the tens digit of y(12)?
4
Suppose -2*s + s = -5*t + 23, 5*t - 2*s = 21. Suppose -17*c = -t*c - 360. What is the units digit of c?
0
Suppose 4*v + 3*j + 654 = 6*v, 5*j = -4*v + 1264. What is the hundreds digit of v?
3
Suppose j - 4*j = r - 65, -5*j = -4*r + 175. Let i = r - -28. Suppose 9*t - 8*t = i. What is the tens digit of t?
7
Let k be (4/(-2))/(-2) + 395. Let s(c) = -4*c**2 - 36*c - 28. Let f be s(-8). Suppose 4*d = 2*n + 2*n + k, -3*d - f*n = -283. What is the tens digit of d?
9
Let k(w) = 1609*w**2 - 15*w + 21. Let q(s) = -322*s**2 + 3*s - 4. Let x(z) = -2*k(z) - 11*q(z). What is the units digit of x(1)?
3
Let u(b) = 974*b - 696. What is the tens digit of u(36)?
6
Let d be (88/6)/((-16)/(-24)). Let u be 148/72*d + (-4)/18. What is the units digit of 9/(u/(-10)) - -233?
1
Let y = 772 + 7488. What is the units digit of y?
0
Let h(n) = -2*n**3 - 10*n**2 - 2*n - 5. Let a(s) = -s - 9. Let i be a(-2). What is the hundreds digit of h(i)?
2
Let s be (2 + 1253)*(-5 - -8). Let m = s - 1935. What is the hundreds digit of m?
8
Let r = -407 + 410. Suppose -10*t - 3333 = -12*t + 5*v, -5*v + 4987 = r*t. What is the hundreds digit of t?
6
Let a be -3*1*1/(-1). Suppose -24*s + 220 = 100. Suppose 136 = s*r - 3*i, 2*r - 38 = a*i + 11. What is the tens digit of r?
2
Suppose -37*x + 101*x - 9638892 = -122*x. What is the ten thousands digit of x?
5
Let k(u) = -u**2 - 9*u - 7. Let y be k(-11). Let o = 42 + y. What is the tens digit of (4 + 12/(-4))*o?
1
Suppose -52*s + 71*s = 36*s - 704446. What is the hundreds digit of s?
4
Let u(f) = f + 21. Let l(j) = -1. Let d(m) = -2*l(m) + u(m). What is the units digit of d(-22)?
1
Let p(y) = 7*y - 4. Let k(x) = 13*x - 8. Suppose -4 = -m + 6. Let v(a) = m*p(a) - 6*k(a). What is the hundreds digit of v(-12)?
1
Suppose 0*t + 300 = 5*t. Let g be t/14 + 20/(-70). Let l(p) = 4*p**2 - 6*p + 2. What is the units digit of l(g)?
2
Suppose -4*r - w = -7*r + 16, 24 = 2*r - 4*w. Suppose 2*x + p - 680 = 0, -2*p + r*p = x - 330. What is the tens digit of x?
3
Let f be (-2)/(-13) - (465/65 - -2). What is the tens digit of (-42)/4*276/f?
2
Suppose -165*r + 388907 = 104*r - 5310127. What is the tens digit of r?
8
Suppose -118390 = -3*j - 27989 + 10141. What is the units digit of j?
4
Suppose 0 = -2*k + 6, 0*k = 3*h + 4*k + 7893. Let w = -867 - h. What is the tens digit of w?
6
Suppose 56*l = 37*l + 238051. Suppose -l = -4*u - 13*u. What is the units digit of u?
7
Let a be 5430/(-24) - (-2)/8. Let m = a - -300. What is the units digit of m?
4
Let t(z) = -z**2 + 19*z - 31. Let p be t(11). Suppose -53*n = -p*n + 1216. What is the tens digit of n?
0
Let u(v) be the second derivative of 1/3*v**3 + 10*v + 0 + 2/3*v**4 + 7/2*v**2 - 1/20*v**5. What is the units digit of u(4)?
9
Suppose 0 = -27*j + 17*j. Suppose 0 = -4*c - j*u - 5*u + 1583, 4*c - 3*u - 1623 = 0. What is the tens digit of c?
0
Suppose g = 3*q + 77346, 497*g = 496*g - q + 77370. What is the hundreds digit of g?
3
Let h(o) = -o**3 + 17*o**2 - 34*o + 51. Let y be h(15). What is the units digit of 499 - -10*y/45?
7
What is the ten thousands digit of ((-24)/(-20))/((-228)/(-359005)*3/24)?
1
Let q(b) = 324*b**3 - b**2 + 31*b - 49. What is the thousands digit of q(2)?
2
Suppose 20*p + 26*p - 11*p = 2606870. What is the ten thousands digit of p?
7
Let k = -264 - -267. Suppose -k*z + 0*y = 4*y - 40, -z - 4*y + 8 = 0. What is the tens digit of z?
1
Let s(h) = 12 - 50*h - 91*h + 28*h - 69*h. What is the hundreds digit of s(-1)?
1
Suppose 0*t - 2*t = -5*k - 498, 0 = 2*t - 8. Let q = 101 + k. Suppose -q*z + 398 = -4*x - 151, x - 938 = -5*z. What is the tens digit of z?
8
Let m = -37 + 50. Let k be (m + -12)/((-1)/(-4)). Suppose 0 = -k*o - 92 + 224. What is the units digit of o?
3
Let o = 1605 + -1609. Let w(j) = -43*j + 6 - 8 + 22. What is the hundreds digit of w(o)?
1
Let y(k) = -k**3 + 21*k - 41. What is the thousands digit of y(-14)?
2
What is the tens digit of (231120/168)/(2/(28/3))?
2
Suppose 2*m = -17 + 41. Let a(y) = 4*y + 8*y - 10*y**2 + 5*y**2 + 6 + 4*y**2. What is the units digit of a(m)?
6
Suppose -31 = -u - 32. Let n(c) = 206*c + 7. Let z be n(u). Let t = z + 324. What is the units digit of t?
5
What is the hundreds digit of 9/((-126)/(-3647))*(86 - 2)?
8
Let p = 263 - 264. What is the hundreds digit of (((-1)/3)/p)/(8/5208)?
2
Let c = 72 + -26. Let t = 391 + c. What is the tens digit of t?
3
Let u(w) = w**3 - 46*w**2 - 120*w + 291. What is the thousands digit of u(52)?
0
Suppose 0 = -3*a - 14 + 32. Suppose -2*k + a*k = 4*l - 12, -2*l + 20 = 5*k. Suppose -l*w + 0*w = -1080. What is the tens digit of w?
1
Let k(v) = 31*v**2 - 36*v**2 + 2*v**3 + 5 - 3*v**3 - 3*v. Let i be k(-4). Let r = i - -62. What is the units digit of r?
3
Let u(b) be the third derivative of 7*b**5/20 + b**4/2 - 2*b**3/3 - 3*b**2 - b. What is the units digit of u(-2)?
6
Let q(t) = t**3 + 20*t**2 - 3*t + 28. Let o be q(-18). Let j = 1378 - o. What is the tens digit of j?
4
Let p(v) = -v**3 + 16*v**2 + 6*v - 12. Let b be p(11). Suppose -4*w = b - 2147. Let h = 555 - w. What is the units digit of h?
3
Let r(o) = -8*o**2 - 33*o + 2. Let y be r(-4). Let l = 1466 - 658. Suppose -2*b + l = y*b. What is the units digit of b?
1
Let r be (-2)/8 + (-462)/(-88). Suppose -2*l - r*b = -1773, 224 = 2*l + 2*b - 1552. What is the units digit of l?
9
Let h(s) = 6732*s**2 - 15*s + 13. What is the hundreds digit of h(1)?
7
Let c = 1983 + -1951. Suppose -5*l + 1 = -14. Suppose -l*f - 2*u + c = -13, -5*u = 5*f - 75. What is the tens digit of f?
1
Let k(o) = -o + 13. Let h be k(10). Let c be 1*(h - 8)/5. What is the units digit of (27/5)/(c/(-5))?
7
Let v = -3952 - -8390. What is the tens digit of (v/21)/(0 - 4/(-6))?
1
Suppose -4*u = 2*c + 2*c - 52, 2 = 2*c. Suppose 4*j - 4 = -u. What is the units digit of 4*j/4 + 89?
7
Suppose -19*b = 3*b + 22. Let w(j) = -1132*j**3 - 2*j - 3. What is the units digit of w(b)?
1
Suppose 22*t = -9*t + 124. Let c = 109 - 60. What is the tens digit of c*(t + -3) + 2?
5
Suppose 165*n = 157*n + 616. What is the hundreds digit of (-2847)/(-7) - (-22)/n?
4
Let v = -10 - 8. Let f be ((-2)/4)/(v/180). Suppose -5*r - 2*a = -338, -3*r = -f*r - 5*a + 152. What is the units digit of r?
6
Suppose 0 = -2*v - 3*l + 35155 + 67471, v = -4*l + 51308. What is the thousands digit of v?
1
What is the thousands digit of 1/(4/64524) + (-91 - -84)?
6
Let m(l) = -3*l + 115. Let h be m(-10). Suppose 7*b - 233 = h. What is the units digit of b?
4
Let 